 717 + 147, 0 = -3*r + 3*s + 570. Let i = 300 - r. What is the remainder when i is divided by ((-12)/16)/((-12)/256)?
14
Let w be (2/(-8))/(15/(-120)). Suppose 4*l - 279 = w*t + 457, -t + 187 = l. Calculate the remainder when l is divided by 17.
15
What is the remainder when ((-1)/(-18)*3 - (-6441)/18) + -8 is divided by 141?
68
Let w(y) = 167*y - 382. Calculate the remainder when w(8) is divided by 31.
24
Let q be 6*(-15)/(-2)*10/(-15). Let o = 65 + q. Let p = -30 + o. What is the remainder when 23 is divided by p?
3
Suppose 12*h - 7*h + 75 = 0. Suppose -11*f + 370 = -6*f. Let z = h + f. What is the remainder when z is divided by 16?
11
Let x(c) = 37*c - 131. Let f = -59 - -109. Calculate the remainder when f is divided by x(4).
16
Suppose -8*x = -198 - 34. Suppose -x*u = -4*u - 600. Calculate the remainder when u is divided by 10.
4
Let z(v) = v**3 + 12*v**2 + 12*v + 16. Let f(w) be the third derivative of w**5/30 - w**4/24 + 7*w**2. Calculate the remainder when f(4) is divided by z(-11).
3
Suppose -2*n + 1874 = -17330 + 56. What is the remainder when n is divided by 133?
131
Let d(j) = 9*j - 1. Let x(u) = -u**3 + 10*u**2 + 12*u - 2. Let l be 9 + 1/(3/6). Calculate the remainder when d(7) is divided by x(l).
8
Let y(u) be the second derivative of 6*u**3 + 3*u**2/2 - 3*u. Let n be y(1). Suppose n = 6*z - 3*z. What is the remainder when 38 is divided by z?
12
Suppose 3*b - 422 = -3*h + 4, -4*b + 560 = -4*h. What is the remainder when b is divided by 35?
1
Let b be ((-2)/(-3))/(6/6417). Let t = -483 + b. Calculate the remainder when t is divided by 26.
22
Suppose 522*m - 515*m - 637 = 0. Calculate the remainder when m is divided by 88.
3
Let y(k) = -k**3 + 10*k**2 + 10*k - 28. Let b be y(8). Let z = 250 - b. Calculate the remainder when z is divided by 27.
16
Let f(q) = -3*q + 5. Let w = -42 + 44. Let o be f(w). What is the remainder when -1*(o + 1) + 10 is divided by 8?
2
Let h be 170/45 + -4 + 10590/27. Suppose 384*z + 56 = h*z. What is the remainder when 12 is divided by z?
5
Let s = 9666 - 9652. Suppose -a + 0 = -2. Calculate the remainder when s is divided by (a/4 + -1)*-10.
4
Suppose -a + 16 = -2*w - 1, 4*a = 5*w + 47. Suppose -89 = -2*f - 43. What is the remainder when 0 + 0 + (w - -97) is divided by f?
21
Suppose -4*t = 8*j - 756, 89 - 479 = -4*j + 2*t. What is the remainder when 227 is divided by j?
35
Suppose -60 = -7*u + u. Suppose 3*g - 75 = -t - u, g - 11 = 5*t. Let x(n) = -2*n + 38. What is the remainder when x(-12) is divided by g?
20
Suppose 4434 = -3*d + n, 7410 = -5*d + 2*n - 7*n. Let f = 2135 + d. Calculate the remainder when f is divided by 73.
72
What is the remainder when 95 is divided by 8/(-6) - (-12 + -8 + (-26)/(-39))?
5
Let p(j) be the second derivative of 7*j**4/12 - 5*j**3/2 + 22*j**2 - 93*j. What is the remainder when p(6) is divided by 54?
44
Let m(o) = 1193*o**3 - 47*o**2 + 47*o + 1. Calculate the remainder when m(1) is divided by 16.
10
Let p = 1572 - 1558. What is the remainder when (2/(-3))/((-8)/972) is divided by p?
11
Let r = -5167 + 5365. What is the remainder when 393 is divided by r?
195
Let n(m) = 348*m + 1489. What is the remainder when n(-4) is divided by 97?
0
Suppose -3*a + 5*a = -5*w - 815, 2*w + a + 327 = 0. Let m = w - -179. What is the remainder when 124 is divided by m?
16
Suppose -231*h + 284 = -232*h. Let w = h + 321. What is the remainder when 96 is divided by w?
22
Let a = 317 - 140. Suppose 2*q - 11 = 51. Calculate the remainder when a is divided by q.
22
Let f(a) be the third derivative of a**5/60 + a**4/12 + 7*a**3/2 - 14*a**2. What is the remainder when f(-9) is divided by 17?
16
What is the remainder when (44/(-4) - -10)*-1676 is divided by 14?
10
Suppose -6 - 9 = 3*b - 5*p, p = -3. Let n(v) = -25*v - 236. What is the remainder when 18 is divided by n(b)?
4
Suppose -p + 4*x + 4 = -0*x, p + 5 = -5*x. Suppose 103 = 2*k - 5*d, -8*k + 3*k + 4*d + 215 = p. What is the remainder when k is divided by ((-14)/(-10))/(2/10)?
4
Let w = 206 + 168. What is the remainder when w is divided by 31 + 2 + 0/2 + -5?
10
Let f(g) = -11*g + 1150. Calculate the remainder when f(67) is divided by 71.
58
Suppose 0 = -k + 3 + 1 - 1. Calculate the remainder when 62 is divided by k.
2
Suppose -2*t - 2*t = -76. Let d(i) = 6 + 2 + 20*i - 7 - 5 - i**2. What is the remainder when 73 is divided by d(t)?
13
Let t(i) = -14*i**3 + 2*i**2 - 3*i - 5. Let u be t(-2). Suppose 2*r - u - 21 = 0. What is the remainder when 211 is divided by r?
69
Calculate the remainder when 59*-2*((-10)/(-35) - 150/84) is divided by 167.
10
Suppose -5*a + a - 80 = 0. Suppose 33*d = 30*d + 330. Let j = d + a. What is the remainder when j is divided by 46?
44
Let s(m) = 3*m**3 + 9*m**2 + 2*m + 1. Let u = 14 - 12. Calculate the remainder when s(-2) is divided by u.
1
Let j(r) = 5*r**2 - 8*r + 4. Let h be j(2). Suppose -h*n = -9*n + 69. Suppose x + x + 4*l = 28, x - 3*l - 9 = 0. What is the remainder when n is divided by x?
9
Suppose 56707 + 63437 = 48*i. What is the remainder when i is divided by 7?
4
Let w be ((-80)/15)/(1/(-6)). Suppose -w*q - 168 = -38*q. What is the remainder when 147 is divided by q?
7
Suppose 48 = 18*u - 17*u - 5*h, -5*u + 3*h + 86 = 0. Suppose 0 = 3*b - 165 - 21. What is the remainder when b is divided by u?
10
Let v(z) = 4*z**3 - 3*z**2 - 7*z + 197. What is the remainder when v(0) is divided by 196?
1
Let m(b) = b**3 - 8*b**2 + 46*b - 323. What is the remainder when 2158 is divided by m(8)?
43
Let f(d) = -d**2 + 9*d + 1. Suppose -28*j + 131 = -37. Calculate the remainder when j is divided by f(9).
0
Let d be -5*109*1/(-5). Suppose -q - d = 5*p - 15, 0 = 3*p + 2*q + 55. Let y = -9 - p. What is the remainder when 17 is divided by y?
7
Suppose -62*s + 60*s + 50 = 2*j, -2*j = -3*s - 50. What is the remainder when 3124 is divided by j?
24
Let s(b) be the second derivative of b**5/20 + 7*b**4/12 + 7*b**3/6 + b**2/2 - 16*b. Let y = -32 + 27. What is the remainder when 30 is divided by s(y)?
14
Let b = 2658 - 2200. Calculate the remainder when b is divided by 46.
44
Let f = 845 + -1054. What is the remainder when 953 is divided by (-11055)/f - (-5)/((-475)/(-10))?
52
Suppose -9*y + 60 = -5*y. Let b(p) = 13*p - 6. Calculate the remainder when b(y) is divided by 24.
21
Let z be -7*9*18/21. Let v be (-1)/(-6) - 4419/z. Let o = -68 + v. Calculate the remainder when 40 is divided by o.
12
Let j(v) = -135*v - 24. Let f = 8 - 11. What is the remainder when j(f) is divided by 32?
29
Let r be (-3)/2*(3 + 78/(-18)). Let h(w) = -3*w**2 - 7 + 0*w**2 + 25 - 12*w + 4*w**r. What is the remainder when 61 is divided by h(13)?
30
Let x = 6294 + -5614. What is the remainder when x is divided by 36?
32
Suppose -f - 5*m + 224 = 0, -3*m = 24*f - 20*f - 913. What is the remainder when f is divided by 29?
26
Let l(i) = -3*i + 43. Let t(f) = -2*f**3 - 6*f**2 + 2*f + 6. Let g be t(-3). Suppose 0 = 4*r - 6*r + 22. What is the remainder when l(g) is divided by r?
10
Suppose 0 = -x - 4*v + v + 71, 279 = 5*x - 4*v. What is the remainder when x is divided by 26?
7
Suppose 12*h - 15*h + 462 = 0. Suppose d - h = -6*d. Let a = -25 - -38. Calculate the remainder when d is divided by a.
9
Let r = 260 + -170. Let j be (8/12)/(4/r). What is the remainder when 75 is divided by 30/(-4)*(-40)/j?
15
Let n(p) = 33*p + 932. What is the remainder when n(-24) is divided by 37?
29
What is the remainder when 630 is divided by 5 + 3/18 + ((-83334)/(-36))/43?
40
Let g be -1 + 0 + 2 + 71. Suppose -n = -4*j + 42 + 22, -n = 4*j - g. What is the remainder when -82*(1 - 6*(-4)/(-12)) is divided by j?
14
Let r = 150 + 2188. Calculate the remainder when r is divided by 180.
178
Let d(v) = 2*v**2 + 23*v - 1. Suppose -4*c + 691 = 4*z - 133, -4*z - 1039 = -5*c. Calculate the remainder when c is divided by d(-12).
9
Let w be ((-72)/(-30))/(3*3/(-60)). Let f(d) = d**2 + 11*d - 23. Let h be f(w). Let z = -56 + h. What is the remainder when 3 is divided by z?
0
Let t(o) = -o + 7. Let h be t(5). Suppose 4*s + 4*s - 47 - 497 = 0. What is the remainder when s is divided by (-1)/h - 188/(-8)?
22
Let h(f) = -f**2 - 33*f - 19. What is the remainder when h(-18) is divided by ((-12)/5)/(-8 - 595/(-75))?
35
Let n(o) = 2*o**2 + 51*o + 310. What is the remainder when 1776 is divided by n(-9)?
8
Let 